*p + 4*x - 188. Calculate the remainder when p is divided by v.
9
What is the remainder when 78 - (-8)/20*-5 is divided by 13?
11
Suppose 2*n = -2*m + 8, -19 = -4*n - 5*m - 0*m. Let w(f) = 43*f - 1. Calculate the remainder when w(n) is divided by 9.
6
What is the remainder when 31 is divided by 150/9 - (-4)/12?
14
Suppose 104 = 2*i + i + 5*h, 5*i - 132 = 2*h. Suppose 8 + i = 2*o. What is the remainder when o is divided by 5?
3
Let t = 4 + 0. Suppose q = -1 - t. Let o(a) = a**2 + 3*a + 4. Calculate the remainder when 26 is divided by o(q).
12
Suppose 3*g - 105 = -0*g. What is the remainder when g is divided by (2/(-2))/(((-10)/(-9))/(-10))?
8
Let m = -13 - -25. Suppose -x - 3*x = -140. Calculate the remainder when x is divided by m.
11
Let u(k) = -2*k + 6. Let q be u(11). Calculate the remainder when 9 is divided by ((-4)/q)/(1/12).
0
Suppose 5*r = 11 - 1. Suppose -p + 4 = 4*f, -56 = -4*p + 2*f + r*f. Calculate the remainder when 33 is divided by p.
9
Let c(w) = -2*w. Let v be c(-7). Suppose -3*r + v = 4*z, -1 = 4*z - 5*r + 1. What is the remainder when z/((-2)/(-59)) + 1 is divided by 21?
18
Let i(j) = j**2 + 4*j - 6. Let o(p) = p**2 - 8*p + 6. Let t be o(6). Let h(n) = -n**3 - 6*n**2 - 8*n - 4. Calculate the remainder when h(t) is divided by i(-7).
14
Let n = 3 - 26. Suppose 5*g - 30 = l, -4*l - 73 - 137 = -2*g. Let t = n - l. Calculate the remainder when t is divided by 17.
15
Let d(m) = -m**2 - 19*m + 19. Calculate the remainder when 70 is divided by d(-18).
33
Let k be (-3)/(3 - (-153)/(-48)). Let z = k - 7. What is the remainder when 35 is divided by z?
8
Let a = -14 + 21. Suppose -a*z + 3*z = -8. Calculate the remainder when z is divided by 2.
0
Let r = -16 - -40. What is the remainder when 119 is divided by r?
23
Suppose -5*t - 88 = -2*m, 180 + 48 = 4*m + 3*t. Let r = -38 + m. What is the remainder when 31 is divided by r?
15
Suppose 2*d = 54 - 4. What is the remainder when 98 is divided by d?
23
Suppose 3*u = -5*k + 21, -4*k + 1 = -5*u - 1. Suppose u*i = -i. Suppose -v - 6 = c + 3*c, -3*v - c + 37 = i. Calculate the remainder when v is divided by 5.
4
Let j be ((-3)/(-2))/((-2)/(-4)). Suppose -4*t + 4*a = -4, 5*t - j*a = 3*t - 3. Calculate the remainder when 11 is divided by t.
5
Suppose 0 = -2*m, -5*f + 0*m + 2*m = 45. Let b(z) = -z + 4. Calculate the remainder when b(f) is divided by 8.
5
Suppose -5*l = -4*r + 429, -3*r + 5*l = -189 - 129. Calculate the remainder when r is divided by 19.
16
Let h = -4 + 8. What is the remainder when 13 is divided by h?
1
Let p(y) = 4*y**2 + 2*y - 2. What is the remainder when p(-4) is divided by 14?
12
Let h = -5 - -4. Let f(z) = 6*z**2 + z. Calculate the remainder when f(h) is divided by 3.
2
Suppose 5*w - 29 = -4, -l = 4*w - 55. Calculate the remainder when l is divided by 13.
9
Suppose -2*r + 9 = r. Suppose b - r = 10. Let m = 7 - 0. What is the remainder when b is divided by m?
6
Let u = 95 + -38. Let a = u - -6. What is the remainder when a is divided by 16?
15
Let d = 1 - -5. Let m = d - 3. What is the remainder when 4 is divided by m?
1
Suppose -10 - 5 = -3*s. Suppose -62 + 322 = s*n. Calculate the remainder when n is divided by -4*(3 - (-45)/(-6)).
16
Suppose 5*c + 7 = 32. Suppose -c*u + 12 = 2. Let v(b) = -b**2 + 9*b + 3. Calculate the remainder when v(9) is divided by u.
1
Suppose -q = 4*q - 570. Let j = q - 71. Suppose -5*g + 23 = -52. What is the remainder when j is divided by g?
13
Suppose 2 - 44 = -2*z. Calculate the remainder when 82 is divided by z.
19
Let b be -3 + (-4)/16*-4. Calculate the remainder when 56 is divided by (3/(-3))/(b/38).
18
Let f(y) = 3*y**2 + 7*y + 1. Calculate the remainder when f(-4) is divided by 15.
6
Suppose 3*y - 26 = -4*b + 37, -b = -2*y + 31. Suppose -4*c + 31 + y = 4*r, 0 = -2*c + 5*r + 3. Calculate the remainder when 16 is divided by c.
7
Suppose -6*r = -r - 145. Calculate the remainder when r is divided by 10.
9
Let c(k) = k**2 + k - 10. What is the remainder when c(-6) is divided by 13?
7
Let u = 32 - 54. Let z = -38 + 0. Let j = u - z. Calculate the remainder when j is divided by 6.
4
Let m = -6 + 13. Let s(x) = -x**2 - 3. Let g be s(0). Calculate the remainder when m is divided by g - (20/(-2))/2.
1
Suppose -3*m = 5*w - 4*w - 17, 4*w = 2*m - 16. Suppose 0*z = 3*z - 30. Calculate the remainder when z is divided by (-10)/(-3) - (-4)/m.
2
Let y = 0 - -2. What is the remainder when (1 - y)*(-38 - 1) is divided by 14?
11
Suppose -5*r + 24 = -101. What is the remainder when r is divided by 9?
7
Suppose 5*w = 6 + 4. Suppose 4*o = -2*z - w + 64, 3*o - z = 44. Calculate the remainder when 58 is divided by o.
13
Suppose 0 = -4*m + m - 24. What is the remainder when 63 is divided by (-2*12)/(12/m)?
15
Let b = 9 + -4. What is the remainder when 13 is divided by b?
3
Let d be -1 - (-1 + (-2 - 7)). Calculate the remainder when 1*-69*(-3)/d is divided by 6.
5
Suppose -v - 3 = 5*u - 7, 2*v = 3*u - 5. Calculate the remainder when ((-92)/(-6))/((-22)/(-33)) is divided by ((-1)/v)/((-5)/(-40)).
7
Let c(t) = -t**3 - 10*t**2 - 3*t - 13. Let a(r) = r**2 + 9*r - 2. Let d be a(-8). Let q be c(d). Let m = 30 - q. Calculate the remainder when m is divided by 4.
1
Let u = -20 + 31. What is the remainder when 20 is divided by u?
9
Suppose 2*n - 201 - 39 = 0. What is the remainder when n is divided by 31?
27
Let s = 11 - 7. Suppose i = s*i - 9. Calculate the remainder when 37 is divided by (-205)/(-15) - 2/i.
11
Let h be 10/(-10) - (-4)/1. Let g = 7 - h. What is the remainder when 6 is divided by g?
2
Let n = -77 + 109. Suppose 2*x - 4*x - n = 0. Calculate the remainder when 46 is divided by x/(-6)*(4 - -2).
14
Let k = 6 - -2. Let x = -192 + 206. What is the remainder when x is divided by k?
6
Suppose 2*g - 4*g = -5*o + 20, 5*g + 12 = 3*o. What is the remainder when (-25)/(3/(-3 - g)) is divided by 13?
12
Suppose -r + w = -3*r - 129, -57 = r - w. Let m be (34/3)/((-1)/3). Let b = m - r. What is the remainder when b is divided by 10?
8
Suppose 8 - 58 = -2*l. What is the remainder when l is divided by 14?
11
Suppose -2 = 4*k + 2. Let l be 2*2/k*-1. Suppose -l*x + 235 = x. What is the remainder when x is divided by 16?
15
Suppose 2*p + 1 = 11. Let c(x) = 3*x + 2. What is the remainder when c(p) is divided by 10?
7
Suppose 5*v - 30 = 3*v. Let d(i) = -3*i**3 + 1. Let q be d(1). What is the remainder when v is divided by q - -5 - (9 + -14)?
7
Suppose 4*m - a - 48 = 0, -2*a = -3*m - 4*a + 25. What is the remainder when 31 is divided by m?
9
Suppose -2*y = -4*o + 16 + 2, -4*o = 3*y - 13. What is the remainder when o is divided by (5 - 4)*-1 + 3?
0
Suppose 10*p - 8 = 8*p. Suppose p*s - 68 - 48 = 0. Let d = -37 + 52. What is the remainder when s is divided by d?
14
Let h(n) = n**2 - 8*n + 6. What is the remainder when h(8) is divided by 3?
0
Let k be 6/15 - 634/10. Let s = -45 - k. Let o(g) = 36*g**2 - 3*g + 1. What is the remainder when o(1) is divided by s?
16
Suppose -5*t + 108 = 3*g, 3 = 4*g - 1. Suppose 2*j - t = -3*v, -4*v + 0*j + j + 39 = 0. Calculate the remainder when 33 is divided by v.
6
Let q be (6/5 + 0)*5. Suppose -q + 45 = m. Calculate the remainder when m is divided by (2/5)/(4/140).
11
Calculate the remainder when -1 + 3165/27 - (-6)/(-27) is divided by 30.
26
Suppose 0 = -8*p - p + 567. What is the remainder when p is divided by 16?
15
Let s be 1*(-1 - (-1)/1). Suppose -35 = -4*f + 3*t, 4*f + t + 7 - 22 = s. Let m = 21 + -8. What is the remainder when m is divided by f?
3
Let c(d) = 5*d + 5. Calculate the remainder when 118 is divided by c(5).
28
Let r(x) = -x**3 + 11*x**2 - 13*x + 14. Let d be r(10). Let p = d - -22. Let s(w) = 3*w + 8. Calculate the remainder when s(p) is divided by 9.
8
Let a = -80 + 10. Suppose 4*t + 396 = -0*t. Let j = a - t. Calculate the remainder when j is divided by 15.
14
Suppose 7 = m - 8. Suppose -2*h + 3*h = m. What is the remainder when 59 is divided by h?
14
Suppose -4*y + 2*y = 4*f - 178, -4*f = y - 85. Calculate the remainder when y is divided by 24.
21
Suppose 0 = -w + 4*k - 16, 0*w - 4*w = 3*k - 31. Let c(s) = -s**3 - 2*s**2 - 5*s**2 + 3*s**2 + 4*s - 3. Calculate the remainder when w is divided by c(-5).
0
Let y = 78 + -43. Calculate the remainder when 102 is divided by y.
32
Let c(p) = p**3 - 3*p + 1. Let h be c(2). Let w = 17 + -